visor of 6443 and y.
17
Let n = -733 + 394. Let f = -174 - n. Calculate the greatest common factor of f and 30.
15
Suppose -5*c = -0 - 10. Let x be 1/c + (-92)/(-8). Let w = -922 + 924. Calculate the greatest common divisor of x and w.
2
Suppose 2*r - 2 = 0, -7*c = -3*c + 2*r - 62. Let a(u) = -3*u**2 - 2*u + 165. Let o be a(0). Calculate the highest common divisor of c and o.
15
Suppose 3*r - 19 = 32. Let b be ((-680)/520)/((-4)/52). Calculate the greatest common factor of b and r.
17
Suppose -47*k - 4206 = -4*c - 42*k, -2*c + 5*k + 2118 = 0. Calculate the highest common divisor of 306 and c.
18
Let q(v) = v**2 - 14*v - 1. Let o be 1*((-3)/5)/(7/35). Let z be q(o). Let m be (-10)/(1/(-2 - -1)). What is the greatest common factor of m and z?
10
Suppose -31*h = -63*h + 4576. Suppose 24*z + h - 2735 = 0. What is the highest common factor of 27 and z?
27
Let b be 7/(-2) + 3/18*3. Let q(x) = x**3 + 2*x**2 + 3*x. Let a be q(b). Let o = 13 - a. What is the highest common factor of o and 217?
31
Let d be ((5 - 96/8) + 6)/((-3)/429). What is the greatest common factor of d and 169?
13
Let r be (-3)/(-45)*5*1479. Let q = 1568 - r. Calculate the highest common divisor of q and 25.
25
Suppose 17*h - 5820 - 7270 = 0. What is the highest common divisor of h and 1470?
70
Let v(b) = -6*b + 54. Let y be v(9). Let x be (-16)/(-8)*(-94)/(-4). Suppose -2*u + x = u - 5*w, y = -w - 4. Calculate the highest common divisor of u and 18.
9
Let a(l) = -10*l + 1226. Let r be a(61). What is the highest common divisor of 56 and r?
56
Let k(g) = -g**3 - 14*g**2 + 56*g - 8. Let w be k(-22). Calculate the greatest common divisor of w and 168.
56
Let n be 2/(-10) - 88/(-40). Suppose g = -5*b + 18, 6*g + 4*b - 40 = n*g. Calculate the highest common divisor of 64 and g.
8
Let j(g) be the third derivative of 0*g + 0 + 2/3*g**4 - 7/2*g**3 - 38*g**2. Let c be j(21). What is the greatest common divisor of 45 and c?
45
Let q = 1704 + 538. Calculate the highest common divisor of 118 and q.
118
Suppose 24*g + 29 - 125 = 0. Let t = -6 + 10. Suppose t*h = y + 19, 2*h = 5*y + 28 - 5. Calculate the highest common factor of g and h.
4
Suppose 4*o = 8*o. Let t be o/(2 + -1) - 32. Let a be ((-24)/t)/(1/76). What is the greatest common factor of a and 38?
19
Let s = -755 + 760. Suppose -s*y = 22*y - 4644. Calculate the greatest common divisor of y and 4.
4
Let i = -89 + 183. Suppose 0 = f + 4, 3*h = 6*h + 2*f - i. Let a = 21 - 4. Calculate the greatest common factor of h and a.
17
Suppose 0 = 3*u + 15, -f - 2615 = u - 8018. What is the highest common factor of 24 and f?
8
Suppose 2*q - 31 = k + 24, -k - 81 = -3*q. Calculate the greatest common divisor of q and 3146.
26
Let b(m) = -3*m**3 - 29*m**2 - 6*m + 116. Let j be b(-9). What is the highest common factor of 836 and j?
4
Let o be ((-720)/(-480))/(2/(920/3)). What is the highest common divisor of o and 506?
46
Suppose -22 = -37*z + 26*z. Let b(c) = -4*c - 22. Let x be (81/18)/(6/(-8)). Let d be b(x). What is the greatest common divisor of z and d?
2
Suppose -8*q + 5*q = 2*x - 372, 939 = 5*x + 3*q. Calculate the greatest common factor of 1911 and x.
21
Let a be (1 + 11 + -22)*(-3)/(-5). Let d(v) = -9*v - 32. Let t be d(a). Calculate the highest common factor of t and 2.
2
Let k(z) = z - 2. Suppose 1 = -t - 3*j, -2*j - 3 = 1. Let n be k(t). Suppose 2*l - 46 = -v + n, 0 = 5*l - 10. Calculate the highest common factor of 5 and v.
5
Let i(q) = -q - 3. Let v be i(-5). Let j = 628 + -625. Suppose j*h + 4*g = 5*h - 10, h + v*g - 17 = 0. Calculate the greatest common divisor of h and 11.
11
Let c(o) = -49*o - 3. Let a be c(-1). Let k = 38 - a. Let q be (-7)/28 + (-66)/k. What is the greatest common divisor of 4 and q?
4
Let h be (-1)/((-6)/(0 + 1170)). Let v be h + (0 - 1) + 8/(-4). Calculate the highest common factor of 6 and v.
6
Suppose 3*i + 2*i + 1575 = 0. Let t = 645 + i. Calculate the highest common divisor of 30 and t.
30
Let o = 4871 - 4843. What is the highest common divisor of o and 378?
14
Let f = -78 + 80. Suppose -112 + 122 = f*r. Suppose 3*q + r*p = 1087, 1488 = 2*q + 2*q - 3*p. What is the greatest common divisor of 41 and q?
41
Suppose -92*d = -97*d + 2*s + 29434, -2*s + 5882 = d. Calculate the highest common factor of d and 162.
54
Suppose -3*c + 2*h + 177 - 39 = 0, 0 = -4*c + 3*h + 182. Calculate the highest common factor of 830 and c.
10
Suppose -487*c + 2*w = -486*c - 799, -2357 = -3*c - 4*w. Calculate the highest common divisor of c and 226.
113
Let g be 4/8*(-1648)/8. Let b = g + 124. Calculate the greatest common factor of 483 and b.
21
Suppose -623*g + 170 = -606*g. Calculate the highest common factor of 2130 and g.
10
Suppose 0*j + 1 = j, 0 = -3*o - 3*j + 252. Let b = 98 - o. Suppose 60 = -4*f + 8*f. Calculate the highest common factor of f and b.
15
Suppose -2*u + 7*l + 656 = 5*l, 0 = -2*u - 3*l + 641. Let g = 417 - u. What is the highest common factor of g and 138?
46
Let k be (-13)/52 - 170/(-8). Let n(r) = r + 1. Let j be n(-1). Suppose -2*t + 5 + 1 = j. What is the greatest common divisor of k and t?
3
Suppose 3*x = -33 + 12. Let i be 616/33*(-180)/x. What is the greatest common divisor of 40 and i?
40
Suppose 2*m - 2 = 3*m + d, -5*m - 3*d = 8. Let v be m/(-1) + 2 + -88 + 101. What is the highest common divisor of v and 144?
16
Let k = -405 - -284. Let p = 238 + k. Suppose 243 + p = 6*c. Calculate the highest common divisor of 20 and c.
20
Let z = -695 - -830. Calculate the highest common factor of z and 351.
27
Let m = 36 + -12. Let h = -17 + m. Suppose -4*u - h = -15. Calculate the greatest common divisor of 10 and u.
2
Let l = -10 - -16. Suppose -4*j + 23 + l = -3*i, -5*i + 45 = 5*j. Let y be 56 - (3 + 5)/(8/(-15 - -7)). Calculate the highest common factor of j and y.
8
Let f = 4049 + -4033. What is the greatest common factor of f and 1600?
16
Suppose 0 = -n - 2*v + 30, -3*v = -3*n + 34 + 29. Let w be n/(-6) - 3 - -46. Calculate the greatest common factor of 585 and w.
39
Suppose -6*u = 55 + 341. Let c be (11/(u/8))/((-2)/144). Calculate the greatest common divisor of 6 and c.
6
Suppose -2*b = -3*n - 0*b + 7, 0 = 5*n - 3*b - 13. Let i = n + 35. Let k be ((-112)/i)/(3/(-180)). Calculate the greatest common factor of k and 21.
21
Let b(g) = 1 + 0 + 1 + 11*g. Let t be b(5). Let f(x) = -14*x - 121. Let u be f(-10). What is the greatest common factor of u and t?
19
Let v(p) = -p**3 + 26*p**2 + 59*p - 65. Let k be v(28). Let r = 1455 + -866. What is the highest common divisor of r and k?
19
Suppose 763 - 1963 = -48*n. Calculate the highest common divisor of n and 2025.
25
Let z be (-4)/10 - 128/(-20). Let d = 9913 - 9829. What is the greatest common divisor of z and d?
6
Suppose -45*c = -2119 - 761. Let r = 37 + 19. What is the highest common divisor of c and r?
8
Let n = -144 + 150. Suppose 8 = 2*u - n. What is the greatest common factor of u and 91?
7
Suppose -12*g + 2295 = 18*c - 15*c, -3*g = -2*c - 560. Calculate the greatest common divisor of 80 and g.
10
Let f be 5/(-15)*-3 - -2. Suppose 4*o - 3 = -3*k, 13 = -o - k + f*k. Let j be 4/o + 1 - 14/(-6). What is the highest common divisor of j and 2?
2
Let p = -11 + 38. Suppose 0 = u + j - p, 2*u - 2*j + j = 69. Calculate the highest common divisor of 120 and u.
8
Let a = 223 + -238. Let b(o) = -o**2 - 18*o + 33. Let m be b(a). What is the highest common factor of m and 130?
26
Suppose 3*l = -g + 11, -5*l = -3*g + 5 - 0. Let h be (-8)/(25/(-5) + 12 + (-22)/3). Suppose g*q - h = 41. Calculate the highest common factor of q and 26.
13
Suppose -72*z + 24*z + 198 = 6. What is the highest common factor of z and 3076?
4
Let j be (-15)/(-35) + (-4329)/(-91). Suppose -104*r + 106*r - j = 0. What is the greatest common factor of 696 and r?
24
Suppose -9*p - 4 = t - 7*p, 4*t - p - 11 = 0. Let b(m) = m. Let x be b(0). Let j(c) = c + 22. Let l be j(x). Calculate the highest common factor of t and l.
2
Let s = 39 - 39. Suppose 8 = 5*w + 4*o - 127, 5*o = s. Suppose -a + w = -3. Calculate the highest common factor of a and 50.
10
Suppose -2*m - 7*m = 1188. Let q = m + 84. Let i = q + 59. Calculate the greatest common divisor of i and 1.
1
Let o be 20448/(-28) + -4*1/(-14). Let k be 1/(16/12) + o/(-8). What is the highest common factor of 4 and k?
4
Let f(k) = -14*k - 32. Let h be 